{"id":71,"date":"2024-10-20T18:09:33","date_gmt":"2024-10-20T18:09:33","guid":{"rendered":"https:\/\/migpecas.com.br\/novosite\/?post_type=product&#038;p=71"},"modified":"2024-11-08T01:53:01","modified_gmt":"2024-11-08T01:53:01","slug":"mig-8000-carcaca-traseira-cambio-eaton-4305-4405","status":"publish","type":"product","link":"https:\/\/www.migpecas.com.br\/site\/produto\/mig-8000-carcaca-traseira-cambio-eaton-4305-4405\/","title":{"rendered":"MIG 8000 &#8211; CARCA\u00c7A TRASEIRA CAMBIO EATON 4305 \/ 4405"},"content":{"rendered":"<h2>Refer\u00eancia Original &#8211;<\/h2>\n<h2>3344745 &#8211; 2P0301116 &#8211;\u00a0Delivery 8-120 OD 2005 A 2009 \/ 8-150 2005&#8230; \/ Delivery 8-150 2005 &#8230;. \/ Delivery 5-140 \/ 5-140E OD<\/h2>\n<h2>3344358 &#8211; 2RD301116D &#8211;\u00a08-120 \/ 8-150 \/ 9-150E \/ \u00d4NIBUS 8-120 \/ \u00d4NIBUS 8-150<\/h2>\n<h2>2RD301099C &#8211;\u00a08-150 OD \/ 9-150 OD de 00 a 03 \/ 7-110 de 02 a 06 \/ 7-120 de 01 a 02 \/ 7-100 de 00 a 02 \/ 8-120 de 00 a 07 \/ 8-150 de 00 a 07<\/h2>\n<h2>0002612205 &#8211; 3344662 &#8211;\u00a0710 \/\u00a0Lo712 \/ Lo812 \/ 712\u00a0( sensor veloc\u00edmetro rosca )<\/h2>\n<p>&nbsp;<\/p>\n<p>Produto n\u00e3o original. Qualquer men\u00e7\u00e3o ao nome ou c\u00f3digo do fabricante do equipamento original s\u00e3o para mera compara\u00e7\u00e3o.<\/p>\n","protected":false},"excerpt":{"rendered":"<h2>Refer\u00eancia Original &#8211;\u00a03344745 &#8211; 2P0301116<\/h2>\n<h2>3344358 \u2013 2RD301116D<\/h2>\n<h2>2RD301099C<\/h2>\n<h2>Mercedes Benz 0002612205 \u2013 3344662<\/h2>\n<p>Produto n\u00e3o original. Qualquer men\u00e7\u00e3o ao nome ou c\u00f3digo do fabricante do equipamento original s\u00e3o para mera compara\u00e7\u00e3o.<\/p>\n","protected":false},"featured_media":141,"comment_status":"open","ping_status":"closed","template":"","meta":[],"product_cat":[19],"product_tag":[],"class_list":{"0":"post-71","1":"product","2":"type-product","3":"status-publish","4":"has-post-thumbnail","6":"product_cat-carcacas-seletoras","8":"first","9":"instock","10":"shipping-taxable","11":"product-type-simple"},"_links":{"self":[{"href":"https:\/\/www.migpecas.com.br\/site\/wp-json\/wp\/v2\/product\/71","targetHints":{"allow":["GET"]}}],"collection":[{"href":"https:\/\/www.migpecas.com.br\/site\/wp-json\/wp\/v2\/product"}],"about":[{"href":"https:\/\/www.migpecas.com.br\/site\/wp-json\/wp\/v2\/types\/product"}],"replies":[{"embeddable":true,"href":"https:\/\/www.migpecas.com.br\/site\/wp-json\/wp\/v2\/comments?post=71"}],"wp:featuredmedia":[{"embeddable":true,"href":"https:\/\/www.migpecas.com.br\/site\/wp-json\/wp\/v2\/media\/141"}],"wp:attachment":[{"href":"https:\/\/www.migpecas.com.br\/site\/wp-json\/wp\/v2\/media?parent=71"}],"wp:term":[{"taxonomy":"product_cat","embeddable":true,"href":"https:\/\/www.migpecas.com.br\/site\/wp-json\/wp\/v2\/product_cat?post=71"},{"taxonomy":"product_tag","embeddable":true,"href":"https:\/\/www.migpecas.com.br\/site\/wp-json\/wp\/v2\/product_tag?post=71"}],"curies":[{"name":"wp","href":"https:\/\/api.w.org\/{rel}","templated":true}]}}