{"id":62,"date":"2024-10-20T18:06:59","date_gmt":"2024-10-20T18:06:59","guid":{"rendered":"https:\/\/migpecas.com.br\/novosite\/?post_type=product&#038;p=62"},"modified":"2024-11-08T01:57:15","modified_gmt":"2024-11-08T01:57:15","slug":"mig-5008-carcaca-superior-capa-seca-do-volante-mercedes-sprinter-310-312","status":"publish","type":"product","link":"https:\/\/www.migpecas.com.br\/site\/produto\/mig-5008-carcaca-superior-capa-seca-do-volante-mercedes-sprinter-310-312\/","title":{"rendered":"MIG 5008 &#8211; CARCA\u00c7A SUPERIOR (CAPA SECA) DO VOLANTE MERCEDES SPRINTER 310\/312"},"content":{"rendered":"<h2>Refer\u00eancia Original &#8211; 70440184<\/h2>\n<h2>Aplicado em motores MWM Maxion HSD (1998\/2002).<\/h2>\n<p>Produto n\u00e3o original. Qualquer men\u00e7\u00e3o ao nome ou c\u00f3digo do fabricante do equipamento original s\u00e3o para mera compara\u00e7\u00e3o.<\/p>\n","protected":false},"excerpt":{"rendered":"<p>Refer\u00eancia Original &#8211; 70440184 Aplicado em motores MWM Maxion HSD (1998\/2002). Produto n\u00e3o original. Qualquer men\u00e7\u00e3o ao nome ou c\u00f3digo do fabricante do equipamento original s\u00e3o para mera compara\u00e7\u00e3o.<\/p>\n","protected":false},"featured_media":136,"comment_status":"open","ping_status":"closed","template":"","meta":[],"product_cat":[16],"product_tag":[],"class_list":{"0":"post-62","1":"product","2":"type-product","3":"status-publish","4":"has-post-thumbnail","6":"product_cat-carcacas-de-volante","8":"first","9":"instock","10":"featured","11":"shipping-taxable","12":"product-type-simple"},"_links":{"self":[{"href":"https:\/\/www.migpecas.com.br\/site\/wp-json\/wp\/v2\/product\/62","targetHints":{"allow":["GET"]}}],"collection":[{"href":"https:\/\/www.migpecas.com.br\/site\/wp-json\/wp\/v2\/product"}],"about":[{"href":"https:\/\/www.migpecas.com.br\/site\/wp-json\/wp\/v2\/types\/product"}],"replies":[{"embeddable":true,"href":"https:\/\/www.migpecas.com.br\/site\/wp-json\/wp\/v2\/comments?post=62"}],"wp:featuredmedia":[{"embeddable":true,"href":"https:\/\/www.migpecas.com.br\/site\/wp-json\/wp\/v2\/media\/136"}],"wp:attachment":[{"href":"https:\/\/www.migpecas.com.br\/site\/wp-json\/wp\/v2\/media?parent=62"}],"wp:term":[{"taxonomy":"product_cat","embeddable":true,"href":"https:\/\/www.migpecas.com.br\/site\/wp-json\/wp\/v2\/product_cat?post=62"},{"taxonomy":"product_tag","embeddable":true,"href":"https:\/\/www.migpecas.com.br\/site\/wp-json\/wp\/v2\/product_tag?post=62"}],"curies":[{"name":"wp","href":"https:\/\/api.w.org\/{rel}","templated":true}]}}