{"id":112,"date":"2024-10-20T18:18:49","date_gmt":"2024-10-20T18:18:49","guid":{"rendered":"https:\/\/migpecas.com.br\/novosite\/?post_type=product&#038;p=112"},"modified":"2024-11-08T01:02:30","modified_gmt":"2024-11-08T01:02:30","slug":"mig-3011-carcaca-da-embreagem-capa-seca-cambio-5-e-6-marchas-ford-vw","status":"publish","type":"product","link":"https:\/\/www.migpecas.com.br\/site\/produto\/mig-3011-carcaca-da-embreagem-capa-seca-cambio-5-e-6-marchas-ford-vw\/","title":{"rendered":"MIG 3011 &#8211; CARCA\u00c7A DA EMBREAGEM (CAPA SECA) CAMBIO 5 E 6 MARCHAS FORD \/ VW"},"content":{"rendered":"<p>[:pb]<\/p>\n<h2>Refer\u00eancia Original: 88HU-7505BA \/ TJG141157 \/ 88HU7505ABA \/102455 \/ TGG141157<\/h2>\n<h2>Aplica\u00e7\u00e3o:\u00a0FORD CARGO 1617 \/ 1621 \/ 1622 \/ 1722 \/ 2322 \/ 2422 \/ 2622 \/ 1717E \/ 1722E \/ 2422E \/ 2428E \/ BUS 1618 1621<\/h2>\n<h2>\u00a0 \u00a0 \u00a0 \u00a0 \u00a0 \u00a0 \u00a0 \u00a0 \u00a0 \u00a0 \u00a0 VOLKSWAGEN 14200 \/ 14220 \/ 16170 \/ 16200 \/ 16220 \/ 17210 \/ 17220 \/ 23210 \/ 23220 \/ BUS 16180 16210 COM CAMBIO CL550 FS5005 FS5205 FS6205 6305 5106 6306 6206<\/h2>\n<p>&nbsp;<\/p>\n<p>Produto n\u00e3o\u00a0original. Qualquer men\u00e7\u00e3o ao nome ou c\u00f3digo do fabricante do equipamento original s\u00e3o para mera compara\u00e7\u00e3o.[:]<\/p>\n","protected":false},"excerpt":{"rendered":"<p>[:pb]<\/p>\n<h2>Refer\u00eancia Original: 88HU-7505BA \/ TJG141157<\/h2>\n<h2>Aplica\u00e7\u00e3o:\u00a0FORD CARGO 1617 \/ 1621 \/ 1622 \/ 1722 \/ 2322 \/ 2422 \/ 2622 \/ 1717E \/ 1722E \/ 2422E \/ 2428E \/ BUS 1618 1621<\/h2>\n<h2>\u00a0 \u00a0 \u00a0 \u00a0 \u00a0 \u00a0 \u00a0 \u00a0 \u00a0 \u00a0 \u00a0 VOLKSWAGEN 14200 \/ 14220 \/ 16170 \/ 16200 \/ 16220 \/ 17210 \/ 17220 \/ 23210 \/ 23220 \/ BUS 16180 16210 COM CAMBIO CL550 FS5005 FS5205 FS6205 6305 5106 6306 6206<\/h2>\n<p>Produto n\u00e3o\u00a0original. Qualquer men\u00e7\u00e3o ao nome ou c\u00f3digo do fabricante do equipamento original s\u00e3o para mera compara\u00e7\u00e3o.[:]<\/p>\n","protected":false},"featured_media":159,"comment_status":"closed","ping_status":"closed","template":"","meta":[],"product_cat":[17],"product_tag":[],"class_list":{"0":"post-112","1":"product","2":"type-product","3":"status-publish","4":"has-post-thumbnail","6":"product_cat-carcacas-de-embreagem","8":"first","9":"instock","10":"shipping-taxable","11":"product-type-simple"},"_links":{"self":[{"href":"https:\/\/www.migpecas.com.br\/site\/wp-json\/wp\/v2\/product\/112","targetHints":{"allow":["GET"]}}],"collection":[{"href":"https:\/\/www.migpecas.com.br\/site\/wp-json\/wp\/v2\/product"}],"about":[{"href":"https:\/\/www.migpecas.com.br\/site\/wp-json\/wp\/v2\/types\/product"}],"replies":[{"embeddable":true,"href":"https:\/\/www.migpecas.com.br\/site\/wp-json\/wp\/v2\/comments?post=112"}],"wp:featuredmedia":[{"embeddable":true,"href":"https:\/\/www.migpecas.com.br\/site\/wp-json\/wp\/v2\/media\/159"}],"wp:attachment":[{"href":"https:\/\/www.migpecas.com.br\/site\/wp-json\/wp\/v2\/media?parent=112"}],"wp:term":[{"taxonomy":"product_cat","embeddable":true,"href":"https:\/\/www.migpecas.com.br\/site\/wp-json\/wp\/v2\/product_cat?post=112"},{"taxonomy":"product_tag","embeddable":true,"href":"https:\/\/www.migpecas.com.br\/site\/wp-json\/wp\/v2\/product_tag?post=112"}],"curies":[{"name":"wp","href":"https:\/\/api.w.org\/{rel}","templated":true}]}}

MIG 3011 &#8211; CARCAÇA DA EMBREAGEM (CAPA SECA) CAMBIO 5 E 6 MARCHAS FORD / VW

<p>[:pb]</p>
<h2>Referência Original: 88HU-7505BA / TJG141157 / 88HU7505ABA /102455 / TGG141157</h2>
<h2>Aplicação: FORD CARGO 1617 / 1621 / 1622 / 1722 / 2322 / 2422 / 2622 / 1717E / 1722E / 2422E / 2428E / BUS 1618 1621</h2>
<h2>                      VOLKSWAGEN 14200 / 14220 / 16170 / 16200 / 16220 / 17210 / 17220 / 23210 / 23220 / BUS 16180 16210 COM CAMBIO CL550 FS5005 FS5205 FS6205 6305 5106 6306 6206</h2>
<p>&nbsp;</p>
<p>Produto não original. Qualquer menção ao nome ou código do fabricante do equipamento original são para mera comparação.[:]</p>

<p>[:pb]</p>
<h2>Referência Original: 88HU-7505BA / TJG141157</h2>
<h2>Aplicação: FORD CARGO 1617 / 1621 / 1622 / 1722 / 2322 / 2422 / 2622 / 1717E / 1722E / 2422E / 2428E / BUS 1618 1621</h2>
<h2>                      VOLKSWAGEN 14200 / 14220 / 16170 / 16200 / 16220 / 17210 / 17220 / 23210 / 23220 / BUS 16180 16210 COM CAMBIO CL550 FS5005 FS5205 FS6205 6305 5106 6306 6206</h2>
<p>Produto não original. Qualquer menção ao nome ou código do fabricante do equipamento original são para mera comparação.[:]</p>
